NOAA Reports/Αναφορές NOAA

Select a Year or Month report
2018 > Jan Feb Mar Apr May Jun Jul Aug Sep Oct Nov Dec
2017 > Jan Feb Mar Apr May Jun Jul Aug Sep Oct Nov Dec
2016 > Jan Feb Mar Apr May Jun Jul Aug Sep Oct Nov Dec

Report for 2018 02
                   MONTHLY CLIMATOLOGICAL SUMMARY for FEB. 2018

NAME: Vamos Weather Station   CITY: Vamos   STATE: Greece 
ELEV:   225 m  LAT:  35 24' 00" N  LONG:  24 06' 00" W

                   TEMPERATURE (C), RAIN  (mm), WIND SPEED (km/hr)

                                      HEAT  COOL        AVG
    MEAN                              DEG   DEG         WIND                 DOM
DAY TEMP  HIGH   TIME   LOW    TIME   DAYS  DAYS  RAIN  SPEED HIGH   TIME    DIR
------------------------------------------------------------------------------------
 1  11.6  14.4   14:10   8.2    7:00   6.7   0.0   0.0   3.5  16.1   11:05   SSE
 2  13.1  16.2   14:20  10.9    2:35   5.2   0.0   0.0   1.9  24.1   15:40    SE
 3  13.6  17.7   15:30  10.9    7:50   4.8   0.0   0.0   4.5  56.3   15:50   SSE
 4  15.4  18.3   15:05  11.9    2:20   2.9   0.0   0.0   5.3  27.4   11:05    SE
 5  12.8  16.3   12:10  10.3    7:10   5.5   0.0   0.0   1.9  22.5   16:10   NNE
 6  12.1  15.1   13:20   9.4    7:50   6.2   0.0   0.0   3.1  17.7   15:10    SE
 7  16.2  20.2   15:15   9.9    3:45   2.2   0.2  26.8  20.4  78.9   11:25    SE
 8  14.1  17.4    1:10  10.5   22:50   4.3   0.0   0.2   6.6  62.8    0:05   NNW
 9  12.0  14.3   13:20  10.1    1:50   6.3   0.0   0.2   2.4  17.7    2:05   ESE
10  13.8  16.6   15:25  10.5    5:25   4.4   0.0   0.8  12.2  75.6   13:45   SSW
11  13.2  16.8   12:35   9.3   23:40   5.2   0.0   0.0   7.9  59.5   13:40   WNW
12  10.6  14.8   12:15   7.9    4:10   7.7   0.0   0.2   3.2  22.5   15:35    SE
13  12.1  16.7   12:55   8.3    0:05   6.3   0.0   0.0   3.7  20.9   15:40   SSE
14  12.3  16.3   13:05   9.3    6:15   6.0   0.0   1.0   5.5  37.0    8:30   WNW
15   9.5  12.3   15:55   6.7   23:05   8.8   0.0  10.2   6.4  43.5    5:50    SE
16   8.8  10.6   15:05   7.1    4:35   9.5   0.0  35.6   4.8  38.6   19:40     N
17  10.7  13.4   15:00   8.5   23:50   7.6   0.0   0.0   3.9  25.7    1:05   WNW
18   9.1   9.3    0:50   8.6    0:05   0.6   0.0   0.0   2.3   8.0    0:35   WNW
19
20
21
22
23
24
25
26
27
28
-------------------------------------------------------------------------------------
    12.3  20.2     7     6.7    15   100.1   0.2  75.0   5.5  78.9     7      SE

Max >=  32.0:  0
Max <=   0.0:  0
Min <=   0.0:  0
Min <= -18.0:  0
Max Rain: 35.61 ON 16/02/18
Days of Rain: 8 (> .2 mm) 3 (> 2 mm) 2 (> 20 mm)
Heat Base:  18.3  Cool Base:  18.3  Method: Integration