NOAA Reports/Αναφορές NOAA

Select a Year or Month report
2017 > Jan Feb Mar Apr May Jun Jul Aug Sep Oct Nov Dec
2016 > Jan Feb Mar Apr May Jun Jul Aug Sep Oct Nov Dec

Report for 2017 11
                   MONTHLY CLIMATOLOGICAL SUMMARY for NOV. 2017

NAME: Vamos Weather Station   CITY: Vamos   STATE: Greece 
ELEV:   225 m  LAT:  35 24' 00" N  LONG:  24 06' 00" W

                   TEMPERATURE (C), RAIN  (mm), WIND SPEED (km/hr)

                                      HEAT  COOL        AVG
    MEAN                              DEG   DEG         WIND                 DOM
DAY TEMP  HIGH   TIME   LOW    TIME   DAYS  DAYS  RAIN  SPEED HIGH   TIME    DIR
------------------------------------------------------------------------------------
 1  14.2  15.7   10:45  13.4    0:05   4.1   0.0   0.0   1.0  14.5   11:00   ENE
 2  13.7  16.8   13:05  11.8   22:30   4.6   0.0   0.0   1.4  16.1   11:25    SE
 3  15.6  20.3   14:10  11.8    2:50   3.0   0.3   0.0   2.7  22.5   13:10   ESE
 4  15.2  19.7   13:55  12.2   23:35   3.2   0.1  11.4   4.5  43.5   13:45   WNW
 5  14.2  17.0   13:20  12.4    0:05   4.1   0.0   0.6   3.5  24.1   12:10   NNW
 6  14.9  19.0   12:55  11.8    3:35   3.4   0.0   0.0   3.4  16.1   12:15    SE
 7  15.6  19.4   14:15  12.7    0:45   2.8   0.1   0.0   1.9  14.5   11:40    SE
 8  17.2  23.0   15:15  13.2    1:20   2.0   0.9   0.0   2.1  43.5   12:45    SE
 9  16.4  20.2   11:50  13.9    6:25   2.1   0.2   0.0   1.9  17.7    9:55   WNW
10  16.2  20.3   13:20  13.7   22:05   2.2   0.2   0.0   1.8  14.5    1:45    SE
11  16.4  21.0   13:55  12.8    7:05   2.3   0.4   0.0   1.8  11.3    2:15    SE
12  17.3  21.1   12:50  14.1    3:15   1.4   0.5   0.2   7.7  51.5   10:30   ESE
13  16.4  19.3   11:35  13.2   23:45   1.9   0.0  10.0   5.8  62.8    8:30    SE
14  17.7  21.9   13:25  13.3    0:30   1.3   0.6   0.0   8.9  33.8   21:35   SSE
15  19.1  21.8   13:55  16.8    2:25   0.2   1.0   0.0  15.0  41.8   10:00   SSE
16  19.4  22.6   12:50  16.1   23:20   0.1   1.3   4.0  16.9  69.2    8:25   SSE
17  16.6  20.6   12:45  13.9    6:00   2.0   0.3   8.2   1.8  24.1    0:20    SE
18  14.3  16.0   16:05  12.7    6:00   4.0   0.0   6.8   2.4  24.1    7:15    SE
19  15.6  19.3   11:25  12.7    6:40   2.8   0.1   0.0   3.9  17.7    0:35   SSE
20  14.4  18.5   11:45  12.2    3:35   3.9   0.0   1.4   7.1  49.9   15:20   WNW
21  11.4  13.8   11:05   9.4   21:15   6.9   0.0   0.0   3.2  22.5    1:15   NNW
22  13.3  18.4   14:00   9.2    0:25   4.9   0.0   0.0   2.6  24.1   14:55    SE
23
24
25
26
27
28
29
30
-------------------------------------------------------------------------------------
    15.7  23.0     8     9.2    22    63.3   5.8  42.6   4.6  69.2    16      SE

Max >=  32.0:  0
Max <=   0.0:  0
Min <=   0.0:  0
Min <= -18.0:  0
Max Rain: 11.40 ON 04/11/17
Days of Rain: 8 (> .2 mm) 5 (> 2 mm) 0 (> 20 mm)
Heat Base:  18.3  Cool Base:  18.3  Method: Integration