NOAA Reports/Αναφορές NOAA

Select a Year or Month report
2017 > Jan Feb Mar Apr May Jun Jul Aug Sep Oct Nov Dec
2016 > Jan Feb Mar Apr May Jun Jul Aug Sep Oct Nov Dec

Report for 2017 09
                   MONTHLY CLIMATOLOGICAL SUMMARY for SEP. 2017

NAME: Vamos Weather Station   CITY: Vamos   STATE: Greece 
ELEV:   225 m  LAT:  35 24' 00" N  LONG:  24 06' 00" W

                   TEMPERATURE (C), RAIN  (mm), WIND SPEED (km/hr)

                                      HEAT  COOL        AVG
    MEAN                              DEG   DEG         WIND                 DOM
DAY TEMP  HIGH   TIME   LOW    TIME   DAYS  DAYS  RAIN  SPEED HIGH   TIME    DIR
------------------------------------------------------------------------------------
 1  23.5  27.2   15:55  19.4    2:45   0.0   5.2   0.0   2.4  20.9   15:35   NNE
 2  25.7  30.8   13:50  21.7    0:05   0.0   7.4   0.0   1.8  16.1   12:30    SE
 3  28.3  33.9   13:10  21.5    1:25   0.0  10.0   0.0   3.2  27.4   14:15     N
 4  25.4  29.2   13:30  21.2   23:15   0.0   7.1   0.0   3.7  29.0   11:45    NE
 5  24.6  29.7   13:15  20.4    2:20   0.0   6.3   0.0   4.0  19.3   13:20    SE
 6  22.7  25.2   18:30  19.3   23:45   0.0   4.4   0.0   5.5  33.8    1:25    NE
 7  22.9  27.6   14:40  18.7    1:20   0.0   4.6   0.0   2.1  19.3   13:00    SE
 8  24.1  30.1   16:00  19.1    4:05   0.0   5.8   0.0   2.3  14.5   13:10    SE
 9  24.9  31.2   14:40  19.9    6:35   0.0   6.6   0.0   3.5  20.9   13:15    SE
10  25.7  31.4   14:20  21.8   23:05   0.0   7.4   0.0   2.9  14.5    0:50    SE
11  26.7  32.8   20:50  21.0    7:55   0.0   8.4   0.0   3.2  29.0   20:45    SE
12  25.4  29.7    0:05  21.4    7:15   0.0   7.1   0.0   4.7  25.7   16:50   NNW
13  24.3  28.6   18:30  19.9    7:15   0.0   6.1   0.0   4.7  29.0   12:10   NNW
14  25.3  29.0   15:30  21.4   23:55   0.0   7.0   0.0   2.4  19.3   12:15    NE
15  24.3  29.7   14:15  20.7   23:40   0.0   6.0   0.0   2.4  17.7   17:30   ENE
16  24.7  29.8   13:50  19.7    2:35   0.0   6.4   0.0   1.6  17.7   15:40     N
17  25.8  30.6   14:15  21.6    0:10   0.0   7.5   0.0   2.4  19.3   16:00     N
18  29.2  35.2   14:50  24.0    1:10   0.0  10.9   0.0   2.1  14.5   14:05     E
19  30.2  35.3   12:10  24.6   23:40   0.0  11.9   0.0   3.2  19.3   15:25    NE
20  27.7  33.3   11:50  22.8   23:55   0.0   9.4   0.0   2.7  22.5   14:40    SE
21  22.9  26.3   14:30  20.4   23:25   0.0   4.7   0.0  11.3  49.9   10:05   WNW
22  21.5  24.8   15:05  18.7    7:15   0.0   3.2   0.0  10.3  49.9    0:55   WNW
23  19.0  20.3    8:20  17.7    6:25   0.0   0.3   0.0   2.4  25.7    0:50   WNW
24
25
26
27
28
29
30
-------------------------------------------------------------------------------------
    25.0  35.3    19    17.7    23     0.0 153.5   0.0   3.7  49.9    21      NE

Max >=  32.0:  5
Max <=   0.0:  0
Min <=   0.0:  0
Min <= -18.0:  0
Max Rain: 0.00 ON 01/09/17
Days of Rain: 0 (> .2 mm) 0 (> 2 mm) 0 (> 20 mm)
Heat Base:  18.3  Cool Base:  18.3  Method: Integration