NOAA Reports/Αναφορές NOAA

Select a Year or Month report
2018 > Jan Feb Mar Apr May Jun Jul Aug Sep Oct Nov Dec
2017 > Jan Feb Mar Apr May Jun Jul Aug Sep Oct Nov Dec
2016 > Jan Feb Mar Apr May Jun Jul Aug Sep Oct Nov Dec

Report for 2018 06
                   MONTHLY CLIMATOLOGICAL SUMMARY for MAY. 2018

NAME: Vamos Weather Station   CITY: Vamos   STATE: Greece 
ELEV:   225 m  LAT:  35 24' 00" N  LONG:  24 06' 00" W

                   TEMPERATURE (C), RAIN  (mm), WIND SPEED (km/hr)

                                      HEAT  COOL        AVG
    MEAN                              DEG   DEG         WIND                 DOM
DAY TEMP  HIGH   TIME   LOW    TIME   DAYS  DAYS  RAIN  SPEED HIGH   TIME    DIR
------------------------------------------------------------------------------------
 1  20.7  26.9   14:10  15.8    6:50   0.5   2.9   0.0   2.1  27.4   14:10    SE
 2  20.9  26.1   12:50  16.2    5:15   0.4   3.0   0.0   2.7  19.3   13:10   SSE
 3  24.3  29.2   17:00  17.7   23:55   0.0   6.1   0.0  13.4  54.7   15:25   SSW
 4  19.3  23.7   14:35  15.8    7:15   0.7   1.7   0.0   4.0  29.0   17:30    NE
 5  19.4  25.1   14:30  14.9    5:55   1.1   2.2   0.0   4.0  29.0   15:55   NNW
 6  19.3  24.1   14:45  15.0    2:15   0.7   1.7   0.0   6.6  40.2   18:10   WNW
 7  17.4  20.4   16:45  15.1   11:25   1.1   0.1  11.0   5.6  40.2    8:10   WNW
 8  19.0  23.9   15:15  15.1    1:05   1.0   1.7   0.2   2.7  19.3    9:15   NNW
 9  19.7  25.2   14:30  15.6    6:05   0.7   2.1   0.0   2.4  20.9   17:40    SE
10  20.5  26.5   12:45  15.6    5:35   0.6   2.8   0.0   3.2  19.3   19:00    NE
11  19.8  23.6   12:35  16.0    2:10   0.5   2.0   0.0   5.0  29.0   14:05   NNW
12  18.8  22.1   18:25  16.4   00:00   0.5   1.0   0.4   4.3  29.0   12:35   WNW
13  20.2  25.2   17:00  15.8    1:25   0.5   2.4   0.0   2.7  19.3   12:30   WNW
14  21.2  26.6   17:45  15.6    5:20   0.5   3.4   0.0   3.4  25.7   12:30     E
15  23.8  30.4   16:10  18.4    3:55   0.0   5.5   0.0   2.9  22.5   14:55    SE
16  24.1  29.8   14:00  19.4    5:15   0.0   5.8   0.0   3.7  16.1   17:55    SE
17  24.9  31.0   15:55  19.8    4:30   0.0   6.6   0.0   1.6  20.9   10:15   NNW
18  23.9  28.8   11:50  19.3    2:35   0.0   5.6   0.0   3.4  17.7   16:40   SSE
19  27.6  31.6   12:50  23.3    0:05   0.0   9.3   0.0   4.8  49.9    1:25   NNW
20  22.7  27.0   13:30  18.9   23:50   0.0   4.4   0.0   3.4  22.5   11:30   SSE
21  21.2  24.8   13:30  18.4    5:30   0.0   2.9   0.0   1.8  19.3   12:00   NNW
22  20.8  24.2   14:10  18.2    5:40   0.0   2.5   0.0   2.1  17.7   15:35    NE
23  21.9  27.1   14:05  18.0    3:40   0.0   3.6   0.0   2.7  20.9   12:25    SE
24  21.9  26.2   13:00  17.8    5:25   0.0   3.6   0.2   6.1  40.2   15:00    NW
25  21.2  24.8   18:50  18.1    5:05   0.0   3.0   0.0   3.2  25.7   14:00    NE
26  20.4  22.4   11:35  18.7    2:40   0.0   1.2   0.0   4.0  27.4    8:30   NNW
27
28
29
30
31
-------------------------------------------------------------------------------------
    21.4  31.6    19    14.9     5     8.7  87.2  11.8   3.9  54.7     3     NNW

Max >=  32.0:  0
Max <=   0.0:  0
Min <=   0.0:  0
Min <= -18.0:  0
Max Rain: 11.00 ON 07/05/18
Days of Rain: 4 (> .2 mm) 1 (> 2 mm) 0 (> 20 mm)
Heat Base:  18.3  Cool Base:  18.3  Method: Integration